nder when 116388 is divided by 916.
56
What is the remainder when 13520 is divided by 76?
68
What is the remainder when 3993 is divided by 2?
1
What is the remainder when 7320 is divided by 886?
232
Calculate the remainder when 52256 is divided by 12.
8
What is the remainder when 187258 is divided by 271?
268
What is the remainder when 4624 is divided by 356?
352
Calculate the remainder when 7498 is divided by 911.
210
What is the remainder when 58 is divided by 10?
8
What is the remainder when 1464 is divided by 177?
48
What is the remainder when 37849 is divided by 714?
7
What is the remainder when 2321 is divided by 83?
80
Calculate the remainder when 6671 is divided by 3327.
17
What is the remainder when 54280 is divided by 424?
8
Calculate the remainder when 20700 is divided by 103.
100
Calculate the remainder when 2030 is divided by 53.
16
Calculate the remainder when 98070 is divided by 19614.
0
What is the remainder when 17026 is divided by 131?
127
What is the remainder when 922 is divided by 320?
282
Calculate the remainder when 59638 is divided by 26.
20
What is the remainder when 22709 is divided by 541?
528
What is the remainder when 25060 is divided by 11?
2
Calculate the remainder when 7356 is divided by 460.
456
Calculate the remainder when 131352 is divided by 43706.
234
Calculate the remainder when 502061 is divided by 83675.
11
What is the remainder when 987 is divided by 954?
33
Calculate the remainder when 3388 is divided by 3012.
376
What is the remainder when 198455 is divided by 525?
5
What is the remainder when 38885 is divided by 1012?
429
Calculate the remainder when 40491 is divided by 40472.
19
What is the remainder when 758619 is divided by 332?
331
What is the remainder when 7278 is divided by 2370?
168
What is the remainder when 2475 is divided by 37?
33
Calculate the remainder when 2343 is divided by 572.
55
Calculate the remainder when 357 is divided by 144.
69
What is the remainder when 435170 is divided by 920?
10
Calculate the remainder when 1435 is divided by 460.
55
Calculate the remainder when 250401 is divided by 61.
57
Calculate the remainder when 462962 is divided by 7.
3
Calculate the remainder when 9920402 is divided by 1147.
1146
What is the remainder when 5127 is divided by 554?
141
Calculate the remainder when 62749 is divided by 116.
109
Calculate the remainder when 1678 is divided by 471.
265
Calculate the remainder when 2539 is divided by 544.
363
What is the remainder when 170139 is divided by 21?
18
Calculate the remainder when 65845 is divided by 914.
37
Calculate the remainder when 8609 is divided by 27.
23
Calculate the remainder when 5757 is divided by 5690.
67
What is the remainder when 211674 is divided by 180?
174
What is the remainder when 4738 is divided by 4714?
24
Calculate the remainder when 376811 is divided by 935.
6
Calculate the remainder when 308238 is divided by 225.
213
Calculate the remainder when 218268 is divided by 38.
34
What is the remainder when 10742 is divided by 2331?
1418
Calculate the remainder when 83787 is divided by 23.
21
What is the remainder when 537 is divided by 409?
128
Calculate the remainder when 8009 is divided by 230.
189
What is the remainder when 101995 is divided by 43?
42
What is the remainder when 15482 is divided by 1150?
532
What is the remainder when 1757 is divided by 44?
41
Calculate the remainder when 61189 is divided by 577.
27
Calculate the remainder when 505 is divided by 154.
43
What is the remainder when 56400 is divided by 641?
633
What is the remainder when 275146 is divided by 2293?
2279
What is the remainder when 97572 is divided by 574?
566
Calculate the remainder when 75218 is divided by 7517.
48
Calculate the remainder when 51723 is divided by 5732.
135
Calculate the remainder when 45517 is divided by 11.
10
What is the remainder when 1286 is divided by 90?
26
What is the remainder when 23593 is divided by 690?
133
Calculate the remainder when 43956 is divided by 75.
6
What is the remainder when 4260479 is divided by 384?
383
What is the remainder when 23779 is divided by 5941?
15
Calculate the remainder when 620804 is divided by 131.
126
Calculate the remainder when 306498 is divided by 37.
27
Calculate the remainder when 46348 is divided by 23172.
4
What is the remainder when 1705 is divided by 1010?
695
What is the remainder when 621 is divided by 298?
25
Calculate the remainder when 13145 is divided by 1513.
1041
What is the remainder when 17636 is divided by 142?
28
Calculate the remainder when 802 is divided by 714.
88
Calculate the remainder when 1449 is divided by 491.
467
Calculate the remainder when 61197 is divided by 9.
6
What is the remainder when 7408 is divided by 13?
11
Calculate the remainder when 22210 is divided by 4.
2
Calculate the remainder when 2229601 is divided by 400.
1
Calculate the remainder when 9754 is divided by 2120.
1274
Calculate the remainder when 1085 is divided by 15.
5
Calculate the remainder when 6837 is divided by 132.
105
Calculate the remainder when 15768 is divided by 54.
0
Calculate the remainder when 1952967 is divided by 30.
27
Calculate the remainder when 1108728 is divided by 70.
68
What is the remainder when 15676 is divided by 280?
276
What is the remainder when 62321 is divided by 82?
1
What is the remainder when 416281 is divided by 28?
5
Calculate the remainder when 4523477 is divided by 130.
127
Calculate the remainder when 742896 is divided by 34.
30
Calculate the remainder when 21419 is divided by 7.
6
What is the remainder when 8814 is divided by 315?
309
Calculate the remainder when 2214523 is divided by 1107254.
15
Calculate the remainder when 3533 is divided by 44.
13
Calculate the remainder when 84 is divided by 2.
0
What is the remainder when 45311 is divided by 128?
127
Calculate the remainder when 1015613 is divided by 153.
152
What is the remainder when 108990 is divided by 16?
14
Calculate the remainder when 19597 is divided by 529.
24
What is the remainder when 11770 is divided by 90?
70
What is the remainder when 165807 is divided by 30?
27
Calculate the remainder when 10151 is divided by 123.
65
Calculate the remainder when 6163 is divided by 2260.
1643
Calculate the remainder when 14342 is divided by 31.
20
What is the remainder when 3107718 is divided by 31?
30
Calculate the remainder when 5885 is divided by 8.
5
Calculate the remainder when 521 is divided by 61.
33
Calculate the remainder when 1269573 is divided by 168.
165
Calculate the remainder when 1184 is divided by 222.
74
What is the remainder when 2324 is divided by 90?
74
Calculate the remainder when 64437 is divided by 45.
42
What is the remainder when 112514 is divided by 329?
325
Calculate the remainder when 1993 is divided by 650.
43
Calculate the remainder when 5466 is divided by 366.
342
What is the remainder when 507346 is divided by 730?
726
What is the remainder when 38536 is divided by 12795?
151
Calculate the remainder when 6659 is divided by 6.
5
What is the remainder when 10322 is divided by 295?
292
Calculate the remainder when 261313 is divided by 45.
43
What is the remainder when 13976 is divided by 1062?
170
Calculate the remainder when 412468 is divided by 59.
58
Calculate the remainder when 5576 is divided by 54.
14
What is the remainder when 21349 is divided by 10625?
99
What is the remainder when 19669 is divided by 6285?
814
What is the remainder when 1660 is divided by 495?
175
What is the remainder when 90958 is divided by 128?
78
Calculate the remainder when 10498 is divided by 150.
148
Calculate the remainder when 10614 is divided by 66.
54
What is the remainder when 221675 is divided by 14?
13
What is the remainder when 18200 is divided by 9045?
110
Calculate the remainder when 5630 is divided by 20.
10
What is the remainder when 18574 is divided by 1238?
4
What is the remainder when 1169 is divided by 359?
92
What is the remainder when 241092 is divided by 38?
20
Calculate the remainder when 12445 is divided by 30.
25
What is the remainder when 71802 is divided by 17?
11
Calculate the remainder when 3801 is divided by 419.
30
What is the remainder when 6731 is divided by 116?
3
What is the remainder when 2186 is divided by 65?
41
What is the remainder when 139427 